{"id":311,"date":"2014-01-27T18:39:42","date_gmt":"2014-01-27T17:39:42","guid":{"rendered":"http:\/\/www.anr36.fr\/anr\/?page_id=311"},"modified":"2026-01-08T12:49:21","modified_gmt":"2026-01-08T11:49:21","slug":"activites-passees","status":"publish","type":"page","link":"https:\/\/www.anr36.fr\/?page_id=311","title":{"rendered":"Ann\u00e9e 2023"},"content":{"rendered":"\n<p>Cette page est le reflet des activit\u00e9s propos\u00e9es par l&rsquo;association.<br>Certaines rubriques contiennent des photos pouvant vous concerner.<br>Si, pour des raisons vous appartenant, vous ne souhaitez pas appara\u00eetre sur ces photos, merci de nous le faire savoir en cliquant sur le lien <a href=\"https:\/\/www.anr36.fr\/anr\/wp-admin\/admin-ajax.php?action=frm_forms_preview&amp;form=uk29th\" target=\"_blank\" rel=\"noreferrer noopener\">droit \u00e0 l&rsquo;image<\/a> et en remplissant toutes les rubriques du formulaire propos\u00e9.<\/p>\n\n\n\n<p>Cette page ne vit que gr\u00e2ce aux contributions que les participants aux diff\u00e9rentes manifestations ont la gentillesse de nous faire parvenir<\/p>\n\n\n\n<p><strong>Marche en for\u00eat  Ann\u00e9e 2023<\/strong><\/p>\n\n\n<div style=\"width:100%\"><div class=\"wd_error\"><p><strong>There is no gallery selected or the gallery was deleted.<\/strong><\/p><\/div><\/div>\n\n\n<p><strong>Les 100 Ans d&rsquo;une adh\u00e9rente le  25-10-2023<\/strong><\/p>\n\n\n\n<p>Le 25 octobre dernier, nous avons eu le plaisir de f\u00eater le centenaire de Marcelle BESSON. La mairie de Ch\u00e2teauroux \u00e9tait repr\u00e9sent\u00e9e par Mme RUET, adjointe au maire d\u00e9l\u00e9gu\u00e9e aux personnes \u00e2g\u00e9es.<br>C\u2019est une adh\u00e9rente \u00e0 l\u2019esprit vif et dot\u00e9e d\u2019une m\u00e9moire impressionnante que nous avons rencontr\u00e9e.<br>Apr\u00e8s une longue carri\u00e8re \u00e0 France T\u00e9l\u00e9com, elle a rejoint l\u2019ANR \u00e0 sa retraite, en 1988 et nous est rest\u00e9e fid\u00e8le depuis lors.Notre retrait\u00e9e des PTT Marcelle BESSON fut une grande voyageuse .Elle vit depuis 68 ans dans sa maison de ch\u00e2teauroux avec un maintien au domicile gr\u00e2ce \u00e0 l&rsquo;aide de Salha qui l&rsquo;accompagne depuis 25 ans . <\/p>\n\n\n<div style=\"width:100%\"><div class=\"wd_error\"><p><strong>There is no gallery selected or the gallery was deleted.<\/strong><\/p><\/div><\/div>\n\n\n<p><strong>Accueil des nouveaux adh\u00e9rents le 26-10-2023<\/strong><\/p>\n\n\n\n<p>20 des 40 nouveaux adh\u00e9rents avaient r\u00e9pondu pr\u00e9sent \u00e0 l&rsquo;invitation du pot de bienvenue \u00e0 la salle Madeleine-Sologne .ch\u00e2teauroux.Apr\u00e8s l&rsquo;explication du fonctionnement de l&rsquo;ANR et la pr\u00e9sentation des activit\u00e9s et des voyages \u00e0 venir  par Guy ,tous les participants ont partag\u00e9 un moment de discussion autour d&rsquo;un verre de cidre . <\/p>\n\n\n<div style=\"width:100%\"><div class=\"wd_error\"><p><strong>There is no gallery selected or the gallery was deleted.<\/strong><\/p><\/div><\/div>\n\n\n<p><strong>Sortie champ\u00eatre de Saint-Martin de Lamps le 19 -10-2023<\/strong><\/p>\n\n\n\n<p>Cette journ\u00e9e est une r\u00e9ussite au vue du temps ( ciel bleu et vol de grue) , du nombre de participants ( 54) , des larges sourires de tous ( le coucous \u00e9tait royal comme le kir) .<\/p>\n\n\n<div style=\"width:100%\"><div class=\"wd_error\"><p><strong>There is no gallery selected or the gallery was deleted.<\/strong><\/p><\/div><\/div>\n\n\n<p><strong>Sortie d\u00e9couverte \u00e0 la Ferme de l&rsquo;\u00e2ge \u00e0 Diors le 28-09-2023<\/strong><\/p>\n\n\n\n<p>Les 2 Fran\u00e7ois nous racontent l&rsquo;histoire de la plantation des pieds de lavande \u00e0 la production de l&rsquo;huile essentielle , produit local nouveau sur l&rsquo;indre.nous pouvons observer la planteuse , la bineuse , la faucheuse et l&rsquo;ensemble pour la production de l&rsquo;huile de lavande .<\/p>\n\n\n\n<p>Les 15 participants sont repartis avec les produits issus de la lavande et quelques bouteilles d&rsquo;huiles de tournesol et de colza <\/p>\n\n\n\n<p><\/p>\n\n\n<div style=\"width:100%\"><div class=\"wd_error\"><p><strong>There is no gallery selected or the gallery was deleted.<\/strong><\/p><\/div><\/div>\n<p><strong>Lac italiens du 09 au 16-09-23<\/strong><\/p>\n<p>Les Lacs d&rsquo;Italie du Nord ont \u00e9t\u00e9 c\u00e9l\u00e9br\u00e9s depuis la nuit des temps par les peintres, musiciens et po\u00e8tes.Romans, odes, carnets de voyage, aquarelles, musique classique&#8230; aucune oeuvre ne conteste leur beaut\u00e9 incomparable. Etir\u00e9s entre le Pi\u00e9mont et la V\u00e9n\u00e9tie, ces paysages aquatiques appartiennent au territoire lombard (\u00e0 l&rsquo;exception du lac d&rsquo;Orta). Au nord, les Alpes sont si proches qu&rsquo;on pourrait presque en toucher les cimes. En hiver et au printemps, les sommets enneig\u00e9s se refl\u00e8tent dans le bleu profond des lacs, offrant des paysages de toute beaut\u00e9. L&rsquo;\u00e9t\u00e9, ces \u00e9tendues azur et cristallines d&rsquo;un calme absolu,aliment\u00e9es par les ruisseaux d&rsquo;eau pure et fra\u00eeche des montagnes, se r\u00e9v\u00e8lent terriblement romantiques.Leurs rives alternent stations baln\u00e9aires chics, jardins luxuriants et villas de prestige \u00e9difi\u00e9es au XIXe si\u00e8cle, mais aussi villages pittoresques et rustiques, b\u00e2tis d&rsquo;ardoise et de pierre sombre, accroch\u00e9s \u00e0 flanc de montagne. C&rsquo;est ind\u00e9niable, les Grands Lacs sont bien situ\u00e9s.<\/p>\n<p>Pour les 40 participants Arriv\u00e9e dans la r\u00e9gion du lac Majeur\u00a0<\/p>\n<p>2 ieme jour .ILES BORROM\u00c9ES ET STRESA . direction de Baveno.\u00a0 d\u00e9couverte de l&rsquo;isola Madre,\u00a0 puis Isola Maggiore,visite libre de son Palais ainsi que de ses jardins.vers l&rsquo;\u00eele des P\u00eacheurs, un authentique village flottant de p\u00eacheurs.Dans l&rsquo;apr\u00e8s-midi, d\u00e9placement vers l&rsquo;isola Bella. Visite du Palais Borrom\u00e9e . Plus tard d\u00e9barquement \u00e0 Stresa. <br \/>JOUR 3 : VILLA TARANTO ET LAC D&rsquo;ORTA . direction de Pallanza. Visite de la ville situ\u00e9e au bord du Lac.<br \/>Ensuite continuation vers Villa Taranto et visite de ses merveilleux jardins botaniques.En d\u00e9but d&rsquo;apr\u00e8s-midi, d\u00e9placement vers Omegna. travers\u00e9e\u00a0 du lac d&rsquo;Orta jusqu&rsquo;\u00e0 Orta San Giulio.\u00a0 en bateau vers l&rsquo;\u00eele Saint-Jules avec le monast\u00e8re Ecclesiae.<\/p>\n<p>JOUR 4 : LES CENT VALL\u00c9ES ET LOCARNO . direction de Domodossola. travers\u00e9e de la Vall\u00e9e Vigezzo, . sanctuaire d\u00e9di\u00e9 \u00e0 la Madonna del Sangue (Vierge du Sang). L&rsquo;apr\u00e8s-midi, suite du voyage en petit train en direction de Locarno, ville suisse au charme m\u00e9ridional.<br \/>JOUR 5 : LAC DE C\u00d4ME. direction de C\u00f4me, chef-lieu de la province du m\u00eame nom en Lombardie.\u00a0 son \u00e9glise San Fedele et sa Pinacoth\u00e8que. Plus tard, d\u00e9placement vers Tremezzo. les jardins botaniques \u00ab Villa Carlotta \u00bb.<br \/>l&rsquo;apr\u00e8s-midi, tour en bateau priv\u00e9 jusqu&rsquo;\u00e0 Bellagio, transfert en bateau jusqu&rsquo;\u00e0 Varenne. <br \/>JOUR 6 : SIRMIONE ET V\u00c9RONE. direction de Sirmione. Cette ville est situ\u00e9 \u00e0 l&rsquo;extr\u00e9mit\u00e9 d&rsquo;une presque-\u00eele qui s&rsquo;avance dans le Lac de Garde. L&rsquo;apr\u00e8s-midi d\u00e9part pour V\u00e9rone, la ville de l&rsquo;amour et de l&rsquo;op\u00e9ra.<\/p>\n<p>JOUR 7 : LAC DE GARDE ET CAVE DE VINS . direction de la c\u00f4te orientale du Lac de Garde.\u00a0 visite sera Bardolino,\u00a0 vers Malcesine, situ\u00e9e au pied de la vaste cha\u00eene du Mont Baldo (alt. 2218 m),\u00a0 d\u00e9placement en bateau vers Riva del Garda.<br \/>\u00a0Retour en bus jusqu\u2019\u00e0 l\u2019H\u00f4<\/p>\n<div style=\"width:100%\"><div class=\"wd_error\"><p><strong>There is no gallery selected or the gallery was deleted.<\/strong><\/p><\/div><\/div>\n\n\n<p><strong>Marche en for\u00eat du 26-09-2023 <\/strong><\/p>\n\n\n\n<p>Nous avons vu un cerf mais pas de photo, nous avons entendu le brame des cerfs mais aussi celui d&rsquo;un buisson qui levait les bras en l&rsquo;air en nous demandant de fermer nos gueules, il y avait un photographe dans le buisson mais pas eu le reflex de la photo dommage \u00e7a valait le coup.vraiment beaucoup de houx, mais aussi deux trolls et une mante religieuse.<\/p>\n\n\n<div style=\"width:100%\"><div class=\"wd_error\"><p><strong>There is no gallery selected or the gallery was deleted.<\/strong><\/p><\/div><\/div>\n\n\n<p><strong>Sortie champ\u00eatre Vendoeuvres<\/strong> du 21-09-23<\/p>\n\n\n\n<p>Malgr\u00e9 tous les \u00e9l\u00e9ments climatique et sanitaire contre de cette sortie nous nous sommes retrouv\u00e9s \u00e0 35 participants \u00e0 table contre 47 pr\u00e9vus .nous \u00e9tions 9 participants \u00e0 braver la pluie ,heureusement que la qualit\u00e9 du repas a bien d\u00e9tendu l&rsquo;atmosph\u00e8re .Merci Fran\u00e7ois. <\/p>\n\n\n<div style=\"width:100%\"><div class=\"wd_error\"><p><strong>There is no gallery selected or the gallery was deleted.<\/strong><\/p><\/div><\/div>\n\n\n<p><strong>Escapade en Cornouaille , Village club du soleil \u00a0\u00bb Beg Meil\u00a0\u00bbdu 01 au 08-07-2023<\/strong><\/p>\n\n\n\n<p>le groupe de 50 participants a \u00e9t\u00e9 accueilli dans ce village vacance d&rsquo;architecture originale .Nous avons pass\u00e9 une tr\u00e8s bonne semaine , h\u00e9bergement , restauration , animation ,rien \u00e0 redire .<\/p>\n\n\n\n<p>Nous sommes pass\u00e9s au Mus\u00e9e de Port Rhu , \u00e0 Pont Aven ,visite d&rsquo;une cidrerie , Quinper en petit train ,Tr\u00e9gunc et son march\u00e9 , Concarneau et ses remparts ,La pointe du raz et repas au restaurant , Le plus beau village de France Locronan. Le vendredi matin promenade comment\u00e9e de 2h15 d\u00e9part de B\u00e9nodet sur la plus jolie rivi\u00e8re de france .Captivante , sauvage,indompt\u00e9e, un brin myst\u00e9rieuse ,paysages bois\u00e9s ponctu\u00e9s de ch\u00e2teaux et manoirs de caract\u00e8res , v\u00e9ritables bal d&rsquo;oiseaux de mer et de rivi\u00e8res et l&rsquo;apr\u00e8s-midi \u00e0 Guilvinec d\u00e9couverte de l&rsquo;univers fascinant de de la p\u00eache en mer : visite guid\u00e9e de la cri\u00e9e et du mus\u00e9e , d\u00e9gustation de langoustines appel\u00e9es les \u00ab\u00a0demoiselles du guilvinec\u00a0\u00bb accompagn\u00e9es d&rsquo;un verre de muscadet. La samedi ,retour accompagn\u00e9 de nos quatre conteur et chanteurs ( christian ,claude , guy , jacky ) <\/p>\n\n\n\n<p>2023 : un tr\u00e8s grand cru. Une bien belle semaine \u00e0 Fouesnant dans le Finist\u00e8re sud. Dans un site<br>atypique, beaucoup d\u2019animations nous ont \u00e9t\u00e9 propos\u00e9es par une \u00e9quipe tr\u00e8s dynamique qui nous a<br>accompagn\u00e9s tout au long de notre s\u00e9jour.<br>Un grand MERCI \u00e0 Jo\u00eblle pour son travail qui a permis, cette fois encore, de faire de ce s\u00e9jour une<br>belle r\u00e9ussite et un grand souvenir.<\/p>\n\n\n<div style=\"width:100%\"><div class=\"wd_error\"><p><strong>There is no gallery selected or the gallery was deleted.<\/strong><\/p><\/div><\/div>\n\n\n<p><strong>Sortie champ\u00eatre La Ch\u00e2tre du 01 Juin 2023<\/strong><\/p>\n\n\n\n<p>une cinquantaine de participants sur les circuits et au restaurant de Chassignoles.<\/p>\n\n\n<div style=\"width:100%\"><div class=\"wd_error\"><p><strong>There is no gallery selected or the gallery was deleted.<\/strong><\/p><\/div><\/div>\n\n\n<p><strong>Week-end \u00e0 Bergerac les 12,13 et 14 mai 2023<\/strong><\/p>\n\n\n\n<p>Le groupe de marcheur de l\u2019ANR Dordogne sous la conduite de Jean Forest nous r\u00e9serv\u00e9 un tr\u00e8s tr\u00e8s bon accueil, ils ont toujours \u00e9t\u00e9 tr\u00e8s pr\u00e9sents et disponibles et ont organis\u00e9 un merveilleux s\u00e9jour appr\u00e9ci\u00e9 de tous. A mon SMS qui l\u2019informait de notre bon retour chez nous Jean a r\u00e9pondu \u00ab&nbsp;merci \u00e0 tous, ensemble nous avons consomm\u00e9 une avalanche de sympathie&nbsp;\u00bb ce qui prouve que la satisfaction \u00e9tait partag\u00e9e.Nous sommes partis \u00e0 3 voitures, \u00e0 notre arriv\u00e9e \u00e0 Queyssac, Jean avait r\u00e9serv\u00e9 une halle bien agr\u00e9able pour pique-niquer car il pleuvait, mais avec l\u2019ap\u00e9ro et l\u2019accueil chaleureux nous l\u2019avions presque oubli\u00e9.Le temps redevenu plus cl\u00e9ment nous a permis de faire une randonn\u00e9e de 8km , nous avons bien appr\u00e9ci\u00e9 au retour le pigeonnier \u00e0 50m des voitures sous lequel tout le monde \u00e0 fait escale car la pluie revenait avec vigueur.Nous nous sommes dirig\u00e9s ensuite vers l\u2019h\u00f4tel et quelques uns nous ont rejoint pour le repas du soir.Petit h\u00f4tel un peu vieillissant mais avec une patronne tr\u00e8s sympathique et une cuisine parfaite.Le samedi, Jean nous attendait pour une visite de cave de Pecharmant (achat de vin pour ceux qui le souhaitaient) et un tour du march\u00e9 de Bergerac, le midi direction Le S\u00e9millon, restaurant dans le village de Montbazillac, tr\u00e8s bon rapport qualit\u00e9 prix, puis visite du ch\u00e2teau et d\u00e9gustation puis achat pour certains. Passage par Bergerac pour un petit tour au \u00ab&nbsp;Jazz pourpre&nbsp;\u00bb et retour \u00e0 l\u2019h\u00f4tel, avec toujours des participants locaux pour nous accompagner et bonnes rigolades.Le dimanche, Jean nous attendait pour une visite comment\u00e9e de Bergerac, puis direction Pombonne pour un repas \u00e0 la guinguette suivi d\u2019un petit tour de lac avant de reprendre la route de Ch\u00e2teauroux.En conclusion une tr\u00e8s bonne exp\u00e9rience, un tr\u00e8s bon accueil des P\u00e9rigourdins \u00ab&nbsp;qui ne le sont pas tous&nbsp;\u00bb, une envie de le refaire et pour nous le devoir de faire aussi bien pour les accueillir \u00e0 notre tour et leur faire d\u00e9couvrir Ch\u00e2teauroux et ses alentours.<\/p>\n\n\n<div style=\"width:100%\"><div class=\"wd_error\"><p><strong>There is no gallery selected or the gallery was deleted.<\/strong><\/p><\/div><\/div>\n\n\n<p><strong>Visite du ch\u00e2teau de Gu\u00e9delon le 29 avril 2023<\/strong><\/p>\n\n\n\n<p>En for\u00eat de Gu\u00e9delon, au c\u0153ur d\u2019une ancienne carri\u00e8re de gr\u00e8s, carriers, tailleurs de pierre, ma\u00e7ons, charpentiers, menuisiers, forgerons, tuiliers, charretiers, cordiers\u2026 b\u00e2tissent sous nos yeux, un ch\u00e2teau fort du XIII\u00e8me si\u00e8cle. Quand nous avons pass\u00e9 les portes de Gu\u00e9delon, nous sommes entr\u00e9s dans une machine \u00e0 remonter le temps&nbsp;! Difficile d\u2019imaginer qu\u2019au XXI\u00e8me si\u00e8cle on puisse encore construire une telle b\u00e2tisse avec les moyens et les techniques du moyen \u00e2ge. Nous \u00e9tions 27 participants dont 3 enfants \u00e0 d\u00e9ambuler dans le village et le ch\u00e2teau, \u00e0 regarder les artisans d\u2019un autre temps, pr\u00e9parer les outils et les mat\u00e9riaux pour faire avancer ce chantier qui durera encore quelques ann\u00e9es.<\/p>\n\n\n<div style=\"width:100%\"><div class=\"wd_error\"><p><strong>There is no gallery selected or the gallery was deleted.<\/strong><\/p><\/div><\/div>\n\n\n<p><strong>Sortie champ\u00eatre CHEZELLES du jeudi 27 Avril 2023<\/strong><\/p>\n\n\n\n<p>60 participants dont 50 \u00e0 la table du restaurant local<\/p>\n\n\n<div style=\"width:100%\"><div class=\"wd_error\"><p><strong>There is no gallery selected or the gallery was deleted.<\/strong><\/p><\/div><\/div>\n\n\n<p><strong>Marche du Mardi An 2023<\/strong><\/p>\n\n\n<div style=\"width:100%\"><div class=\"wd_error\"><p><strong>There is no gallery selected or the gallery was deleted.<\/strong><\/p><\/div><\/div>\n<p><strong>Assembl\u00e9e d\u00e9partementale du 09 Mars 2023 :<a href=\"https:\/\/www.anr36.fr\/anr\/wp-content\/uploads\/2023\/06\/CR-AD-2023.pdf\">&nbsp; AD-2023.<\/a><\/strong><\/p>\n<p><strong>Loto du 02 Mars 2023<\/strong><\/p>\n<p>Bel apr\u00e8s-midi pour les 38 participants salle Madeleine Sologne \u00e0 Ch\u00e2teauroux<\/p>\n<div style=\"width:100%\"><div class=\"wd_error\"><p><strong>There is no gallery selected or the gallery was deleted.<\/strong><\/p><\/div><\/div>\n\n\n<p><strong>Tournoi belote du 09 f\u00e9vrier 2023<\/strong><\/p>\n\n\n\n<p>C&rsquo;est par un bel apr\u00e8s-midi plein de soleil et de fraicheur que 32 participants se sont rassembl\u00e9s dans dans la confortable salle Madeleine Sologne \u00e0 Ch\u00e2teauroux.<\/p>\n\n\n<div style=\"width:100%\"><div class=\"wd_error\"><p><strong>There is no gallery selected or the gallery was deleted.<\/strong><\/p><\/div><\/div>\n\n\n<p><\/p>\n\n\n\n<p><\/p>\n\n\n\n<div style=\"height:100px\" aria-hidden=\"true\" class=\"wp-block-spacer\"><\/div>\n\n\n\n<p><\/p>\n\n\n\n<p><\/p>\n\n\n\n<p><\/p>\n\n\n\n<p><\/p>\n\n\n\n<p><\/p>\n\n\n\n<p><\/p>\n","protected":false},"excerpt":{"rendered":"<p>Cette page est le reflet des activit\u00e9s propos\u00e9es par l&rsquo;association.Certaines rubriques contiennent des photos pouvant vous concerner.Si, pour des raisons vous appartenant, vous ne souhaitez pas appara\u00eetre sur ces photos, merci de nous le faire savoir en cliquant sur le lien droit \u00e0 l&rsquo;image et en remplissant toutes les rubriques du formulaire propos\u00e9. Cette page [&hellip;]<\/p>\n","protected":false},"author":1,"featured_media":0,"parent":268,"menu_order":3,"comment_status":"closed","ping_status":"closed","template":"","meta":{"ocean_post_layout":"","ocean_both_sidebars_style":"","ocean_both_sidebars_content_width":0,"ocean_both_sidebars_sidebars_width":0,"ocean_sidebar":"","ocean_second_sidebar":"","ocean_disable_margins":"enable","ocean_add_body_class":"","ocean_shortcode_before_top_bar":"","ocean_shortcode_after_top_bar":"","ocean_shortcode_before_header":"","ocean_shortcode_after_header":"","ocean_has_shortcode":"","ocean_shortcode_after_title":"","ocean_shortcode_before_footer_widgets":"","ocean_shortcode_after_footer_widgets":"","ocean_shortcode_before_footer_bottom":"","ocean_shortcode_after_footer_bottom":"","ocean_display_top_bar":"default","ocean_display_header":"default","ocean_header_style":"","ocean_center_header_left_menu":"","ocean_custom_header_template":"","ocean_custom_logo":0,"ocean_custom_retina_logo":0,"ocean_custom_logo_max_width":0,"ocean_custom_logo_tablet_max_width":0,"ocean_custom_logo_mobile_max_width":0,"ocean_custom_logo_max_height":0,"ocean_custom_logo_tablet_max_height":0,"ocean_custom_logo_mobile_max_height":0,"ocean_header_custom_menu":"","ocean_menu_typo_font_family":"","ocean_menu_typo_font_subset":"","ocean_menu_typo_font_size":0,"ocean_menu_typo_font_size_tablet":0,"ocean_menu_typo_font_size_mobile":0,"ocean_menu_typo_font_size_unit":"px","ocean_menu_typo_font_weight":"","ocean_menu_typo_font_weight_tablet":"","ocean_menu_typo_font_weight_mobile":"","ocean_menu_typo_transform":"","ocean_menu_typo_transform_tablet":"","ocean_menu_typo_transform_mobile":"","ocean_menu_typo_line_height":0,"ocean_menu_typo_line_height_tablet":0,"ocean_menu_typo_line_height_mobile":0,"ocean_menu_typo_line_height_unit":"","ocean_menu_typo_spacing":0,"ocean_menu_typo_spacing_tablet":0,"ocean_menu_typo_spacing_mobile":0,"ocean_menu_typo_spacing_unit":"","ocean_menu_link_color":"","ocean_menu_link_color_hover":"","ocean_menu_link_color_active":"","ocean_menu_link_background":"","ocean_menu_link_hover_background":"","ocean_menu_link_active_background":"","ocean_menu_social_links_bg":"","ocean_menu_social_hover_links_bg":"","ocean_menu_social_links_color":"","ocean_menu_social_hover_links_color":"","ocean_disable_title":"default","ocean_disable_heading":"default","ocean_post_title":"","ocean_post_subheading":"","ocean_post_title_style":"","ocean_post_title_background_color":"","ocean_post_title_background":0,"ocean_post_title_bg_image_position":"","ocean_post_title_bg_image_attachment":"","ocean_post_title_bg_image_repeat":"","ocean_post_title_bg_image_size":"","ocean_post_title_height":0,"ocean_post_title_bg_overlay":0.5,"ocean_post_title_bg_overlay_color":"","ocean_disable_breadcrumbs":"default","ocean_breadcrumbs_color":"","ocean_breadcrumbs_separator_color":"","ocean_breadcrumbs_links_color":"","ocean_breadcrumbs_links_hover_color":"","ocean_display_footer_widgets":"default","ocean_display_footer_bottom":"default","ocean_custom_footer_template":"","two_page_speed":[],"footnotes":""},"class_list":["post-311","page","type-page","status-publish","hentry","entry"],"_links":{"self":[{"href":"https:\/\/www.anr36.fr\/index.php?rest_route=\/wp\/v2\/pages\/311","targetHints":{"allow":["GET"]}}],"collection":[{"href":"https:\/\/www.anr36.fr\/index.php?rest_route=\/wp\/v2\/pages"}],"about":[{"href":"https:\/\/www.anr36.fr\/index.php?rest_route=\/wp\/v2\/types\/page"}],"author":[{"embeddable":true,"href":"https:\/\/www.anr36.fr\/index.php?rest_route=\/wp\/v2\/users\/1"}],"replies":[{"embeddable":true,"href":"https:\/\/www.anr36.fr\/index.php?rest_route=%2Fwp%2Fv2%2Fcomments&post=311"}],"version-history":[{"count":160,"href":"https:\/\/www.anr36.fr\/index.php?rest_route=\/wp\/v2\/pages\/311\/revisions"}],"predecessor-version":[{"id":10658,"href":"https:\/\/www.anr36.fr\/index.php?rest_route=\/wp\/v2\/pages\/311\/revisions\/10658"}],"up":[{"embeddable":true,"href":"https:\/\/www.anr36.fr\/index.php?rest_route=\/wp\/v2\/pages\/268"}],"wp:attachment":[{"href":"https:\/\/www.anr36.fr\/index.php?rest_route=%2Fwp%2Fv2%2Fmedia&parent=311"}],"curies":[{"name":"wp","href":"https:\/\/api.w.org\/{rel}","templated":true}]}}